mainder when o is divided by 31?
28
Suppose -19*p - 56 = -4*y - 14*p, 4*y - 4*p = 60. Let u = -52 - -125. Calculate the remainder when u is divided by y.
16
Suppose 0 = -12*i + 10*i + 22. Calculate the remainder when 105 is divided by (i - 20)/(-2 + 1).
6
Let t(c) = 2*c - 14. Let d be t(9). Suppose d*i - 5*i = -23. Suppose 5*o - 61 + 21 = 0. Calculate the remainder when i is divided by o.
7
Suppose 3*a + 15 = 90. Suppose 0 = 4*s + 81 - a. Let k = 51 + s. What is the remainder when k is divided by 19?
18
Let z = 348 + -7. Let c = z + -199. What is the remainder when c is divided by 36?
34
Suppose -5*r + 10 = -2*y + 30, -20 = y + 5*r. Suppose -4*k + 6 + 18 = y. Suppose -8*f + 36 = -k*f. What is the remainder when 33 is divided by f?
15
Let k(f) = f**3 + 10*f**2 + 9*f + 8. What is the remainder when k(-6) is divided by 81?
17
What is the remainder when 50 is divided by 6*(-8)/(-12) + 26?
20
Let i = -7 - -6. Let r be ((-192)/56)/(i/7). Let q = 41 - r. What is the remainder when 48 is divided by q?
14
Suppose -7*v + 6387 = -4*v. Suppose 389 = -4*w + v. Suppose -2*z - 151 = -w. Calculate the remainder when z is divided by 36.
34
Let q be ((-4)/6)/(3/99). What is the remainder when 79 is divided by (5 + -1)/(3 + q/8)?
15
Let b = -2 + 6. Let u = 419 - 366. What is the remainder when u is divided by b?
1
Suppose -858 - 530 = -2*y. Calculate the remainder when y is divided by 5.
4
Let s(x) be the third derivative of x**4/24 + 35*x**3/6 - 3*x**2. Calculate the remainder when (2 - 3)*(-141 - -2) is divided by s(0).
34
Let o = 426 - 406. Calculate the remainder when 81 is divided by o.
1
Suppose -5*i + 2 = -4*h + 18, 2*i - 20 = -5*h. Calculate the remainder when (-19)/(-2) - (-1)/(-2) is divided by h.
1
Let c = -49 + 75. Calculate the remainder when 75 is divided by c.
23
Let o(i) = -i + 3. Let k be o(-1). Suppose -5*l + 4*l + k = 0. Calculate the remainder when 11 is divided by l.
3
Suppose g - 55 = -51. Suppose 2*m = -8*o + 5*o + 807, -2*o - g*m = -546. What is the remainder when o is divided by 30?
27
Suppose 2*m = i + 4, i = 2*i + m - 5. Suppose -6*y = -i*y. Suppose -q + 1 + 2 = y. Calculate the remainder when 3 is divided by q.
0
Suppose -2*o + 6 = 0, -4*d + 5*o = 4 - 1. Suppose -5*h - 7 = -4*h - d*j, -2*j = -4*h + 12. What is the remainder when h is divided by 2?
1
Let i(y) = y**3 - 4*y**2 - 2*y + 309. Calculate the remainder when i(0) is divided by 26.
23
Let k(y) be the first derivative of -5*y**4/2 - 2*y**3/3 - 3*y**2/2 - 2*y + 38. What is the remainder when k(-2) is divided by 16?
12
Let m = 25 + -18. Suppose 94 + 39 = m*t. Calculate the remainder when 94 is divided by t.
18
Let g(k) = 3*k**2 - 136*k + 85. What is the remainder when 156 is divided by g(45)?
36
Let m(d) = -d - 5. Let q be m(-5). Suppose 5*p = -q*p. Suppose -b + 5 = 0, 0 = -p*r + 3*r + 4*b - 149. What is the remainder when r is divided by 22?
21
Suppose 2*s + 3*s = 3*a + 303, -244 = -4*s + 4*a. Suppose 0 = 5*n - s - 85. Calculate the remainder when 142 is divided by n.
26
What is the remainder when 227*2*(-3)/(-6) is divided by ((-760)/16)/(40/(-32))?
37
What is the remainder when 1/((8/(-712))/(-1)) is divided by 31?
27
Let x(m) = m**3 + 39*m**2 - 39*m + 41. Suppose 0*n = 4*n - 2*w - 20, 2*n = 4*w + 10. Suppose -n + 1 = -4*j. What is the remainder when j is divided by x(-40)?
0
Let h(c) = c**3 - 11*c**2 - c + 26. Let n be h(11). Suppose 0 = 5*y - 3*t - n, 0 = 2*y + t + 4 - 21. Calculate the remainder when 15 is divided by y.
3
Suppose -5*q = r - 1 - 28, 0 = -4*r + 3*q + 47. What is the remainder when 69 is divided by r?
13
Let f(p) = 102*p**2 + 3*p - 169 + 344 - 176 + 3*p. What is the remainder when f(1) is divided by 12?
11
Let a(c) = -c**2 - 17*c + 78. Suppose -n = 19 - 69. Calculate the remainder when n is divided by a(-20).
14
Suppose 0 = -l + 4*l - 3. What is the remainder when ((-21)/(-3) - 6)*47*l is divided by 12?
11
Suppose 189 = 3*v + 5*f, 9*f = -3*v + 8*f + 177. Calculate the remainder when 331 is divided by v.
41
Calculate the remainder when (1 - -525)*(-979)/(-178) is divided by 16.
13
Let p = -416 - -591. Suppose -5*o - 45 = -p. Calculate the remainder when 74 is divided by o.
22
Suppose a + 12 = 3*a. Suppose a*h - 3*h = 54. Suppose -2*w - 2*g = -w - h, -g = -4*w + 45. Calculate the remainder when 34 is divided by w.
10
Let y(n) = -n**2 + 15*n + 17. Let l be y(16). Let k(r) = 8*r + 3. What is the remainder when k(l) is divided by 4?
3
Suppose 4*u + 11*u = 90. Let c = 5 + -1. What is the remainder when u is divided by c?
2
Let i = -457 + 643. Let u(h) = 41*h**2. Calculate the remainder when u(-1) is divided by 4/6 + i/18.
8
Let t(o) = o**2 - o. Let w be t(1). Let s = 9 - w. Suppose -3*l + 2*y = 3*y - s, -l + 3 = -3*y. Calculate the remainder when l is divided by 1.
0
What is the remainder when -636*((-33)/(-44) - 1) is divided by 53?
0
Suppose 0 = 4*y - 281 - 271. Calculate the remainder when y is divided by 21.
12
Let z(u) = -u**3 - 8*u**2 - 8*u - 5. Let v be z(-7). Suppose 0 = -3*w - v*w + 125. Let c = -75 - -82. What is the remainder when w is divided by c?
4
What is the remainder when 73 is divided by 4*(822/84 - (-10)/(-35))?
35
Suppose a + 418 = 447. What is the remainder when 227 is divided by a?
24
Let t be 2 + 0/(0 + 3). Let q(o) = 13*o + 9*o - 3*o + 0*o. Calculate the remainder when q(t) is divided by 8.
6
Suppose 0*a + 76 = -3*s + 4*a, -4*s + 2*a - 88 = 0. Let u = 26 + s. Calculate the remainder when 87 is divided by u.
3
Suppose i = 0, 4*b + i = -i + 120. Let h = 33 + -43. What is the remainder when b is divided by 15 - 8/(h/(-5))?
8
Suppose 211*l = 223*l - 168. Suppose -4*d + 7*d = 192. What is the remainder when d is divided by l?
8
Suppose 0 = 5*y - 53 - 337. What is the remainder when y is divided by 40/12*(-5 - -11)?
18
Suppose 3373 + 3384 = 29*s. Calculate the remainder when s is divided by 25.
8
Suppose -7*t = -512 + 162. What is the remainder when 198 is divided by t?
48
Let i(t) = -8*t**3 - 6*t**2 - 4*t + 12. Calculate the remainder when i(-3) is divided by 47.
45
Suppose a = -0*a + 40. Let w(y) = -y**3 - 22*y**2 - 21*y + 21. What is the remainder when a is divided by w(-21)?
19
Let m(h) = -h**3 + 18*h**2 + 2*h - 33. Suppose -2*b + 3*d = -1, 7 + 7 = 5*b + 4*d. Calculate the remainder when m(18) is divided by b.
1
Let m(l) = l**2 - 9*l + 19. Let q = -17 + 47. What is the remainder when q is divided by m(8)?
8
Let y be (-6)/51 - (-72)/34 - 14. Let r = y + 30. What is the remainder when r is divided by 3?
0
Let a(l) = l**2 + 12*l + 31. Calculate the remainder when 109 is divided by a(-10).
10
Let d be (-4 + 4)/(-1 + 3). Suppose -5 = 2*q - h - d*h, 3*h - 9 = 0. Let s = q + 8. What is the remainder when 12 is divided by s?
5
Suppose -4*c - 5*n = -161, -13*n - 78 = -2*c - 15*n. Calculate the remainder when c is divided by 5*((-36)/(-10))/1.
16
What is the remainder when (3 - (-419 + 10)) + -1 is divided by 23?
20
Let w = 56 + -2. Suppose 12*j - 3*j = 72. Calculate the remainder when w is divided by j.
6
Calculate the remainder when (-16 - -59) + 35/5 is divided by 33.
17
Let o(c) be the second derivative of c**4/6 - 2*c**3/3 + c. What is the remainder when 46 is divided by o(4)?
14
What is the remainder when -3 + (-16)/12*-105 is divided by 70?
67
Let k = 9 - 2. Let b(p) = -p**3 + 12*p**2 - 9*p - 12. Let j be b(11). Calculate the remainder when 15/j*(-40)/(-3) is divided by k.
6
Suppose 0 = 22*u - 257 - 381. What is the remainder when 112 is divided by u?
25
Let w(l) = -2*l + 1. Let b(x) = 2*x - 1. Let u(k) = -2*b(k) - 3*w(k). What is the remainder when 10*24/(-20)*3/(-4) is divided by u(3)?
4
What is the remainder when 304 is divided by 32080/880 - (-6)/11?
8
Suppose -3*k = 9, 43 = 4*t - 5*k - 8. Suppose -2*a - 8 = -m, 3*a = -m - 0 - 2. Suppose 2*r + m*r = 204. Calculate the remainder when r is divided by t.
7
Suppose 4 - 8 = -2*u. Let b be -2 - (u - 4) - 3. What is the remainder when 59 is divided by (2 + -1)*b + 23?
19
Let k = -29 - -23. Let p(y) = y**3 + 5*y**2 - 8*y - 10. Let l be p(k). Suppose l*s + 28 = 4*s. What is the remainder when 67 is divided by s?
11
Let w = 127 + -88. Suppose 2*b - 15 - w = 0. Suppose 2*o = 3*l + b - 159, 213 = 5*l - o. What is the remainder when l is divided by 15?
12
What is the remainder when 925 is divided by (-4